{"id":911,"date":"2026-01-15T16:29:40","date_gmt":"2026-01-15T16:29:40","guid":{"rendered":"https:\/\/skyphone.ec\/?post_type=product&#038;p=911"},"modified":"2026-01-15T16:34:42","modified_gmt":"2026-01-15T16:34:42","slug":"honor-x7d","status":"publish","type":"product","link":"https:\/\/skyphone.ec\/index.php\/producto\/honor-x7d\/","title":{"rendered":"Honor X7D"},"content":{"rendered":"<p>Pantalla: 6.77\u2033, 720 x 1610<br \/>\nProcesador:\u00a0Snapdragon 685 2.8GHz<br \/>\nRAM: 8GB<br \/>\nAlmacenamiento: 256GB<br \/>\nC\u00e1mara Frontal: 8MP<br \/>\nC\u00e1mara Trasera: 108MP<br \/>\nBater\u00eda: 6500 mAh Carga r\u00e1pida: 35W<br \/>\nSO: Android 14<br \/>\nOtros: Dual Sim, GPS, Desbloqueo dactilar y facial, IP65<\/p>\n<p><strong>NOTA: (CONSULTAR DISPONIBILIDAD DE COLORES A TRAVES DE NUESTRO WHATSAPP ANTES DE REALIZAR TU COMPRA)<\/strong><\/p>\n","protected":false},"excerpt":{"rendered":"<p>Pantalla: 6.77\u2033, 720 x 1610 Procesador:\u00a0Snapdragon 685 2.8GHz RAM: 8GB Almacenamiento: 256GB C\u00e1mara Frontal: 8MP C\u00e1mara Trasera: 108MP Bater\u00eda: 6500 mAh Carga r\u00e1pida: 35W SO: Android 14 Otros: Dual Sim, GPS, Desbloqueo dactilar y facial, IP65 NOTA: (CONSULTAR DISPONIBILIDAD DE COLORES A TRAVES DE NUESTRO WHATSAPP ANTES DE REALIZAR TU COMPRA)<\/p>\n","protected":false},"featured_media":912,"comment_status":"open","ping_status":"closed","template":"","meta":[],"product_brand":[],"product_cat":[32,48],"product_tag":[],"class_list":{"0":"post-911","1":"product","2":"type-product","3":"status-publish","4":"has-post-thumbnail","6":"product_cat-telefonos","7":"product_cat-honor","9":"first","10":"instock","11":"shipping-taxable","12":"product-type-simple"},"_links":{"self":[{"href":"https:\/\/skyphone.ec\/index.php\/wp-json\/wp\/v2\/product\/911","targetHints":{"allow":["GET"]}}],"collection":[{"href":"https:\/\/skyphone.ec\/index.php\/wp-json\/wp\/v2\/product"}],"about":[{"href":"https:\/\/skyphone.ec\/index.php\/wp-json\/wp\/v2\/types\/product"}],"replies":[{"embeddable":true,"href":"https:\/\/skyphone.ec\/index.php\/wp-json\/wp\/v2\/comments?post=911"}],"wp:featuredmedia":[{"embeddable":true,"href":"https:\/\/skyphone.ec\/index.php\/wp-json\/wp\/v2\/media\/912"}],"wp:attachment":[{"href":"https:\/\/skyphone.ec\/index.php\/wp-json\/wp\/v2\/media?parent=911"}],"wp:term":[{"taxonomy":"product_brand","embeddable":true,"href":"https:\/\/skyphone.ec\/index.php\/wp-json\/wp\/v2\/product_brand?post=911"},{"taxonomy":"product_cat","embeddable":true,"href":"https:\/\/skyphone.ec\/index.php\/wp-json\/wp\/v2\/product_cat?post=911"},{"taxonomy":"product_tag","embeddable":true,"href":"https:\/\/skyphone.ec\/index.php\/wp-json\/wp\/v2\/product_tag?post=911"}],"curies":[{"name":"wp","href":"https:\/\/api.w.org\/{rel}","templated":true}]}}