{"id":851,"date":"2026-01-12T17:21:57","date_gmt":"2026-01-12T17:21:57","guid":{"rendered":"https:\/\/skyphone.ec\/?post_type=product&#038;p=851"},"modified":"2026-01-12T17:25:09","modified_gmt":"2026-01-12T17:25:09","slug":"galaxy-a17","status":"publish","type":"product","link":"https:\/\/skyphone.ec\/index.php\/producto\/galaxy-a17\/","title":{"rendered":"Galaxy A17"},"content":{"rendered":"<p>Pantalla: SUPER AMOLED, 90HZ 6.7 Gorilla Glass Victus +<br \/>\nProcesador: Mediatek Helio G99<br \/>\nRAM: 8GB<br \/>\nAlmacenamiento: 256GB<br \/>\nC\u00e1mara frontal: 13MP<br \/>\nC\u00e1mara trasera: 50MP+5MP+2MP<br \/>\nBater\u00eda: 5000mAh, Carga R\u00e1pida: 25W<br \/>\nSO: (Android 15) ONE UI 7<br \/>\nOtros:6 A\u00d1OS DE ACTUALIZACIONES, IP54, Altavoces est\u00e9reo<\/p>\n<p><strong>NOTA: (CONSULTAR DISPONIBILIDAD DE COLORES A TRAVES DE NUESTRO WHATSAPP ANTES DE REALIZAR TU COMPRA)<\/strong><\/p>\n","protected":false},"excerpt":{"rendered":"<p>Pantalla: SUPER AMOLED, 90HZ 6.7 Gorilla Glass Victus + Procesador: Mediatek Helio G99 RAM: 8GB Almacenamiento: 256GB C\u00e1mara frontal: 13MP C\u00e1mara trasera: 50MP+5MP+2MP Bater\u00eda: 5000mAh, Carga R\u00e1pida: 25W SO: (Android 15) ONE UI 7 Otros:6 A\u00d1OS DE ACTUALIZACIONES, IP54, Altavoces est\u00e9reo NOTA: (CONSULTAR DISPONIBILIDAD DE COLORES A TRAVES DE NUESTRO WHATSAPP ANTES DE REALIZAR TU [&hellip;]<\/p>\n","protected":false},"featured_media":852,"comment_status":"open","ping_status":"closed","template":"","meta":[],"product_brand":[],"product_cat":[32,45],"product_tag":[],"class_list":{"0":"post-851","1":"product","2":"type-product","3":"status-publish","4":"has-post-thumbnail","6":"product_cat-telefonos","7":"product_cat-samsung","9":"first","10":"instock","11":"shipping-taxable","12":"product-type-simple"},"_links":{"self":[{"href":"https:\/\/skyphone.ec\/index.php\/wp-json\/wp\/v2\/product\/851","targetHints":{"allow":["GET"]}}],"collection":[{"href":"https:\/\/skyphone.ec\/index.php\/wp-json\/wp\/v2\/product"}],"about":[{"href":"https:\/\/skyphone.ec\/index.php\/wp-json\/wp\/v2\/types\/product"}],"replies":[{"embeddable":true,"href":"https:\/\/skyphone.ec\/index.php\/wp-json\/wp\/v2\/comments?post=851"}],"wp:featuredmedia":[{"embeddable":true,"href":"https:\/\/skyphone.ec\/index.php\/wp-json\/wp\/v2\/media\/852"}],"wp:attachment":[{"href":"https:\/\/skyphone.ec\/index.php\/wp-json\/wp\/v2\/media?parent=851"}],"wp:term":[{"taxonomy":"product_brand","embeddable":true,"href":"https:\/\/skyphone.ec\/index.php\/wp-json\/wp\/v2\/product_brand?post=851"},{"taxonomy":"product_cat","embeddable":true,"href":"https:\/\/skyphone.ec\/index.php\/wp-json\/wp\/v2\/product_cat?post=851"},{"taxonomy":"product_tag","embeddable":true,"href":"https:\/\/skyphone.ec\/index.php\/wp-json\/wp\/v2\/product_tag?post=851"}],"curies":[{"name":"wp","href":"https:\/\/api.w.org\/{rel}","templated":true}]}}