{"id":497,"date":"2025-03-24T19:48:54","date_gmt":"2025-03-24T19:48:54","guid":{"rendered":"https:\/\/skyphone.ec\/?post_type=product&#038;p=497"},"modified":"2026-01-17T17:23:25","modified_gmt":"2026-01-17T17:23:25","slug":"cmf-watch-pro","status":"publish","type":"product","link":"https:\/\/skyphone.ec\/index.php\/producto\/cmf-watch-pro\/","title":{"rendered":"CMF Watch Pro"},"content":{"rendered":"<p>Dimensi\u00f3n: 46,9mm x 39,87mm x 12,89mm<br \/>\nPeso: 30,4gr \/ 47gr<br \/>\nPantalla: AMOLED 1,96\u201d 410 x 502<br \/>\nSensores: Sensor aceler\u00f3metro, frecuencia card\u00edaca, saturaci\u00f3n de ox\u00edgeno en sangre<br \/>\nConectividad: Bluetooth 5.3 GPS<br \/>\nBater\u00eda: 340 mAh &#8211; Autonom\u00eda aproximada de 13 d\u00edas<br \/>\nResistencia: IP68<br \/>\nCompatibilidad: iOS y Android<br \/>\nOtros: Biseles intercambiables, 120 modos deportivos, Llamadas Bluetooth con reducci\u00f3n de ruido con IA, Llamadas Bluetooth gracias a micr\u00f3fono y altavoz<\/p>\n<p><strong>NOTA: (CONSULTAR DISPONIBILIDAD DE COLORES A TRAVES DE NUESTRO WHATSAPP ANTES DE REALIZAR TU COMPRA)<\/strong><\/p>\n","protected":false},"excerpt":{"rendered":"<p>Dimensi\u00f3n: 46,9mm x 39,87mm x 12,89mm Peso: 30,4gr \/ 47gr Pantalla: AMOLED 1,96\u201d 410 x 502 Sensores: Sensor aceler\u00f3metro, frecuencia card\u00edaca, saturaci\u00f3n de ox\u00edgeno en sangre Conectividad: Bluetooth 5.3 GPS Bater\u00eda: 340 mAh &#8211; Autonom\u00eda aproximada de 13 d\u00edas Resistencia: IP68 Compatibilidad: iOS y Android Otros: Biseles intercambiables, 120 modos deportivos, Llamadas Bluetooth con reducci\u00f3n [&hellip;]<\/p>\n","protected":false},"featured_media":960,"comment_status":"open","ping_status":"closed","template":"","meta":[],"product_brand":[],"product_cat":[56,59],"product_tag":[],"class_list":{"0":"post-497","1":"product","2":"type-product","3":"status-publish","4":"has-post-thumbnail","6":"product_cat-smartwatch","7":"product_cat-nothing","9":"first","10":"instock","11":"shipping-taxable","12":"product-type-simple"},"_links":{"self":[{"href":"https:\/\/skyphone.ec\/index.php\/wp-json\/wp\/v2\/product\/497","targetHints":{"allow":["GET"]}}],"collection":[{"href":"https:\/\/skyphone.ec\/index.php\/wp-json\/wp\/v2\/product"}],"about":[{"href":"https:\/\/skyphone.ec\/index.php\/wp-json\/wp\/v2\/types\/product"}],"replies":[{"embeddable":true,"href":"https:\/\/skyphone.ec\/index.php\/wp-json\/wp\/v2\/comments?post=497"}],"wp:featuredmedia":[{"embeddable":true,"href":"https:\/\/skyphone.ec\/index.php\/wp-json\/wp\/v2\/media\/960"}],"wp:attachment":[{"href":"https:\/\/skyphone.ec\/index.php\/wp-json\/wp\/v2\/media?parent=497"}],"wp:term":[{"taxonomy":"product_brand","embeddable":true,"href":"https:\/\/skyphone.ec\/index.php\/wp-json\/wp\/v2\/product_brand?post=497"},{"taxonomy":"product_cat","embeddable":true,"href":"https:\/\/skyphone.ec\/index.php\/wp-json\/wp\/v2\/product_cat?post=497"},{"taxonomy":"product_tag","embeddable":true,"href":"https:\/\/skyphone.ec\/index.php\/wp-json\/wp\/v2\/product_tag?post=497"}],"curies":[{"name":"wp","href":"https:\/\/api.w.org\/{rel}","templated":true}]}}