{"id":1168,"date":"2026-03-16T18:16:25","date_gmt":"2026-03-16T18:16:25","guid":{"rendered":"https:\/\/skyphone.ec\/?post_type=product&#038;p=1168"},"modified":"2026-03-16T18:25:33","modified_gmt":"2026-03-16T18:25:33","slug":"galaxy-tab-a11-wifi","status":"publish","type":"product","link":"https:\/\/skyphone.ec\/index.php\/producto\/galaxy-tab-a11-wifi\/","title":{"rendered":"Galaxy Tab A11 Wifi"},"content":{"rendered":"<p>Caracter\u00edsticas:<\/p>\n<p>Pantalla: LCD TFT 8,7&#8243; WXGA+ 1340 x 800, 90Hz<br \/>\nProcesador: MediaTek Helio G99 Octa-Core (2.2GHz + 2.0GHz)<br \/>\nRAM: 4GB<br \/>\nAlmacenamiento: 64GB (expandible por microSD hasta 2TB)<br \/>\nC\u00e1mara frontal: 5MP<br \/>\nC\u00e1mara: Trasera: 8MP<br \/>\nBater\u00eda: 5.100 mAh &#8211; Carga r\u00e1pida: 15W<br \/>\nSO: Android 15 con One UI 7<br \/>\nOtros: Altavoces duales con Dolby Atmos, Bluetooth 5.3, Wi-Fi ac y LTE (2.4GHz\/5GHz), entrada 3.5mm para aud\u00edfonos<\/p>\n<p>NOTA: (CONSULTAR DISPONIBILIDAD DE COLORES A TRAVES DE NUESTRO WHATSAPP ANTES DE REALIZAR TU COMPRA)<\/p>\n","protected":false},"excerpt":{"rendered":"<p>Caracter\u00edsticas: Pantalla: LCD TFT 8,7&#8243; WXGA+ 1340 x 800, 90Hz Procesador: MediaTek Helio G99 Octa-Core (2.2GHz + 2.0GHz) RAM: 4GB Almacenamiento: 64GB (expandible por microSD hasta 2TB) C\u00e1mara frontal: 5MP C\u00e1mara: Trasera: 8MP Bater\u00eda: 5.100 mAh &#8211; Carga r\u00e1pida: 15W SO: Android 15 con One UI 7 Otros: Altavoces duales con Dolby Atmos, Bluetooth 5.3, [&hellip;]<\/p>\n","protected":false},"featured_media":1169,"comment_status":"open","ping_status":"closed","template":"","meta":[],"product_brand":[],"product_cat":[50,51],"product_tag":[],"class_list":{"0":"post-1168","1":"product","2":"type-product","3":"status-publish","4":"has-post-thumbnail","6":"product_cat-tablets","7":"product_cat-samsung-tablets","9":"first","10":"instock","11":"shipping-taxable","12":"product-type-simple"},"_links":{"self":[{"href":"https:\/\/skyphone.ec\/index.php\/wp-json\/wp\/v2\/product\/1168","targetHints":{"allow":["GET"]}}],"collection":[{"href":"https:\/\/skyphone.ec\/index.php\/wp-json\/wp\/v2\/product"}],"about":[{"href":"https:\/\/skyphone.ec\/index.php\/wp-json\/wp\/v2\/types\/product"}],"replies":[{"embeddable":true,"href":"https:\/\/skyphone.ec\/index.php\/wp-json\/wp\/v2\/comments?post=1168"}],"wp:featuredmedia":[{"embeddable":true,"href":"https:\/\/skyphone.ec\/index.php\/wp-json\/wp\/v2\/media\/1169"}],"wp:attachment":[{"href":"https:\/\/skyphone.ec\/index.php\/wp-json\/wp\/v2\/media?parent=1168"}],"wp:term":[{"taxonomy":"product_brand","embeddable":true,"href":"https:\/\/skyphone.ec\/index.php\/wp-json\/wp\/v2\/product_brand?post=1168"},{"taxonomy":"product_cat","embeddable":true,"href":"https:\/\/skyphone.ec\/index.php\/wp-json\/wp\/v2\/product_cat?post=1168"},{"taxonomy":"product_tag","embeddable":true,"href":"https:\/\/skyphone.ec\/index.php\/wp-json\/wp\/v2\/product_tag?post=1168"}],"curies":[{"name":"wp","href":"https:\/\/api.w.org\/{rel}","templated":true}]}}