{"id":1163,"date":"2026-03-16T15:36:23","date_gmt":"2026-03-16T15:36:23","guid":{"rendered":"https:\/\/skyphone.ec\/?post_type=product&#038;p=1163"},"modified":"2026-03-17T16:57:32","modified_gmt":"2026-03-17T16:57:32","slug":"moto-edge-60-pro","status":"publish","type":"product","link":"https:\/\/skyphone.ec\/index.php\/producto\/moto-edge-60-pro\/","title":{"rendered":"Moto Edge 60 Pro"},"content":{"rendered":"<p>Caracter\u00edsticas:<\/p>\n<p>Pantalla: pOled 6.7\u00a8 1.5K 2712X1220p<br \/>\nProcesador: MediaTek Dimensity 8350 Extreme<br \/>\nRAM: 12<br \/>\nAlmacenamiento: 512GB<br \/>\nC\u00e1mara frontal: 50MP<br \/>\nC\u00e1mara trasera: 50MP + 50MP + 10MP<br \/>\nBater\u00eda: 6.000 mAh Carga r\u00e1pida: 90W Carga Inal\u00e1mbrica 15w<br \/>\nSO: Android (Android 16)<br \/>\nOtros: IP68\/IP69 Certificaci\u00f3n Militar MIL-STD-810H. La pantalla est\u00e1 protegida por Corning Gorilla Glass 7i.<\/p>\n<p>NOTA: (CONSULTA DISPONIBILIDAD DE COLORES A TRAVES DE NUESTRO WHATSAPP ANTES DE REALIZAR TU COMPRA)<\/p>\n","protected":false},"excerpt":{"rendered":"<p>Caracter\u00edsticas: Pantalla: pOled 6.7\u00a8 1.5K 2712X1220p Procesador: MediaTek Dimensity 8350 Extreme RAM: 12 Almacenamiento: 512GB C\u00e1mara frontal: 50MP C\u00e1mara trasera: 50MP + 50MP + 10MP Bater\u00eda: 6.000 mAh Carga r\u00e1pida: 90W Carga Inal\u00e1mbrica 15w SO: Android (Android 16) Otros: IP68\/IP69 Certificaci\u00f3n Militar MIL-STD-810H. La pantalla est\u00e1 protegida por Corning Gorilla Glass 7i. NOTA: (CONSULTA DISPONIBILIDAD [&hellip;]<\/p>\n","protected":false},"featured_media":1165,"comment_status":"open","ping_status":"closed","template":"","meta":[],"product_brand":[],"product_cat":[32,49],"product_tag":[],"class_list":{"0":"post-1163","1":"product","2":"type-product","3":"status-publish","4":"has-post-thumbnail","6":"product_cat-telefonos","7":"product_cat-motorola","9":"first","10":"instock","11":"featured","12":"shipping-taxable","13":"product-type-variable"},"_links":{"self":[{"href":"https:\/\/skyphone.ec\/index.php\/wp-json\/wp\/v2\/product\/1163","targetHints":{"allow":["GET"]}}],"collection":[{"href":"https:\/\/skyphone.ec\/index.php\/wp-json\/wp\/v2\/product"}],"about":[{"href":"https:\/\/skyphone.ec\/index.php\/wp-json\/wp\/v2\/types\/product"}],"replies":[{"embeddable":true,"href":"https:\/\/skyphone.ec\/index.php\/wp-json\/wp\/v2\/comments?post=1163"}],"wp:featuredmedia":[{"embeddable":true,"href":"https:\/\/skyphone.ec\/index.php\/wp-json\/wp\/v2\/media\/1165"}],"wp:attachment":[{"href":"https:\/\/skyphone.ec\/index.php\/wp-json\/wp\/v2\/media?parent=1163"}],"wp:term":[{"taxonomy":"product_brand","embeddable":true,"href":"https:\/\/skyphone.ec\/index.php\/wp-json\/wp\/v2\/product_brand?post=1163"},{"taxonomy":"product_cat","embeddable":true,"href":"https:\/\/skyphone.ec\/index.php\/wp-json\/wp\/v2\/product_cat?post=1163"},{"taxonomy":"product_tag","embeddable":true,"href":"https:\/\/skyphone.ec\/index.php\/wp-json\/wp\/v2\/product_tag?post=1163"}],"curies":[{"name":"wp","href":"https:\/\/api.w.org\/{rel}","templated":true}]}}