{"id":1148,"date":"2026-03-04T16:39:17","date_gmt":"2026-03-04T16:39:17","guid":{"rendered":"https:\/\/skyphone.ec\/?post_type=product&#038;p=1148"},"modified":"2026-03-04T16:50:34","modified_gmt":"2026-03-04T16:50:34","slug":"honor-x8d","status":"publish","type":"product","link":"https:\/\/skyphone.ec\/index.php\/producto\/honor-x8d\/","title":{"rendered":"Honor X8D"},"content":{"rendered":"<p><strong>Caracter\u00edsticas:<\/strong><\/p>\n<p>Pantalla: 6.77\u2033, 720 x 1610 120Hz<br \/>\nProcesador: Snapdragon 6s Gen 2<br \/>\nRAM: 8GB<br \/>\nAlmacenamiento: 128\/256\/512GB<br \/>\nC\u00e1mara Frontal: 16MP<br \/>\nC\u00e1mara Trasera: 108+5MP<br \/>\nBater\u00eda: 7000 mAh Carga r\u00e1pida: 45W<br \/>\nSO: Android 15<br \/>\nOtros: Dual Sim, GPS, Desbloqueo dactilar y facial, IP65, 4GLTE<\/p>\n<p><strong>NOTA: (CONSULTAR DISPONIBILIDAD DE COLORES A TRAVES DE NUESTRO WHATSAPP ANTES DE REALIZAR TU COMPRA)<\/strong><\/p>\n","protected":false},"excerpt":{"rendered":"<p>Caracter\u00edsticas: Pantalla: 6.77\u2033, 720 x 1610 120Hz Procesador: Snapdragon 6s Gen 2 RAM: 8GB Almacenamiento: 128\/256\/512GB C\u00e1mara Frontal: 16MP C\u00e1mara Trasera: 108+5MP Bater\u00eda: 7000 mAh Carga r\u00e1pida: 45W SO: Android 15 Otros: Dual Sim, GPS, Desbloqueo dactilar y facial, IP65, 4GLTE NOTA: (CONSULTAR DISPONIBILIDAD DE COLORES A TRAVES DE NUESTRO WHATSAPP ANTES DE REALIZAR TU [&hellip;]<\/p>\n","protected":false},"featured_media":1149,"comment_status":"open","ping_status":"closed","template":"","meta":[],"product_brand":[],"product_cat":[32,48],"product_tag":[],"class_list":{"0":"post-1148","1":"product","2":"type-product","3":"status-publish","4":"has-post-thumbnail","6":"product_cat-telefonos","7":"product_cat-honor","9":"first","10":"instock","11":"shipping-taxable","12":"product-type-simple"},"_links":{"self":[{"href":"https:\/\/skyphone.ec\/index.php\/wp-json\/wp\/v2\/product\/1148","targetHints":{"allow":["GET"]}}],"collection":[{"href":"https:\/\/skyphone.ec\/index.php\/wp-json\/wp\/v2\/product"}],"about":[{"href":"https:\/\/skyphone.ec\/index.php\/wp-json\/wp\/v2\/types\/product"}],"replies":[{"embeddable":true,"href":"https:\/\/skyphone.ec\/index.php\/wp-json\/wp\/v2\/comments?post=1148"}],"wp:featuredmedia":[{"embeddable":true,"href":"https:\/\/skyphone.ec\/index.php\/wp-json\/wp\/v2\/media\/1149"}],"wp:attachment":[{"href":"https:\/\/skyphone.ec\/index.php\/wp-json\/wp\/v2\/media?parent=1148"}],"wp:term":[{"taxonomy":"product_brand","embeddable":true,"href":"https:\/\/skyphone.ec\/index.php\/wp-json\/wp\/v2\/product_brand?post=1148"},{"taxonomy":"product_cat","embeddable":true,"href":"https:\/\/skyphone.ec\/index.php\/wp-json\/wp\/v2\/product_cat?post=1148"},{"taxonomy":"product_tag","embeddable":true,"href":"https:\/\/skyphone.ec\/index.php\/wp-json\/wp\/v2\/product_tag?post=1148"}],"curies":[{"name":"wp","href":"https:\/\/api.w.org\/{rel}","templated":true}]}}