{"id":1078,"date":"2026-01-26T21:12:00","date_gmt":"2026-01-26T21:12:00","guid":{"rendered":"https:\/\/skyphone.ec\/?post_type=product&#038;p=1078"},"modified":"2026-03-20T23:24:58","modified_gmt":"2026-03-20T23:24:58","slug":"redmi-note-15-5g","status":"publish","type":"product","link":"https:\/\/skyphone.ec\/index.php\/producto\/redmi-note-15-5g\/","title":{"rendered":"Redmi Note 15 5G"},"content":{"rendered":"<p>Caracter\u00edsticas:<\/p>\n<p>Pantalla: AMOLED 6,77&#8243; FullHD+ 1080 x 2392<br \/>\nProcesador: Snapdragon 6 Gen 3 (4nm)<br \/>\nRAM: 6GB &#8211; 8GB &#8211; 12gb<br \/>\nAlmacenamiento: 128GB &#8211; 256GB &#8211; 512GB<br \/>\nC\u00e1mara frontal: 20MP<br \/>\nC\u00e1maras traseras: 108MP &#8211; 8MP<br \/>\nBater\u00eda: 5.520 mAh Carga r\u00e1pida: 45W 18W Revers Charg<br \/>\nSO: Android 1 &#8211; HyperOS<br \/>\nOtros: Lector de huellas en pantalla, NFC, Resistente al polvo y agua IP65\/IP66.<\/p>\n<p>NOTA: (CONSULTAR DISPONIBILIDAD DE COLORES A TRAVES DE NUESTO WHATSAPP ANTES DE REALIZAR TU COMPRA)<\/p>\n","protected":false},"excerpt":{"rendered":"<p>Caracter\u00edsticas: Pantalla: AMOLED 6,77&#8243; FullHD+ 1080 x 2392 Procesador: Snapdragon 6 Gen 3 (4nm) RAM: 6GB &#8211; 8GB &#8211; 12gb Almacenamiento: 128GB &#8211; 256GB &#8211; 512GB C\u00e1mara frontal: 20MP C\u00e1maras traseras: 108MP &#8211; 8MP Bater\u00eda: 5.520 mAh Carga r\u00e1pida: 45W 18W Revers Charg SO: Android 1 &#8211; HyperOS Otros: Lector de huellas en pantalla, NFC, [&hellip;]<\/p>\n","protected":false},"featured_media":1179,"comment_status":"open","ping_status":"closed","template":"","meta":[],"product_brand":[],"product_cat":[32,43],"product_tag":[],"class_list":{"0":"post-1078","1":"product","2":"type-product","3":"status-publish","4":"has-post-thumbnail","6":"product_cat-telefonos","7":"product_cat-redmi","9":"first","10":"instock","11":"shipping-taxable","12":"product-type-simple"},"_links":{"self":[{"href":"https:\/\/skyphone.ec\/index.php\/wp-json\/wp\/v2\/product\/1078","targetHints":{"allow":["GET"]}}],"collection":[{"href":"https:\/\/skyphone.ec\/index.php\/wp-json\/wp\/v2\/product"}],"about":[{"href":"https:\/\/skyphone.ec\/index.php\/wp-json\/wp\/v2\/types\/product"}],"replies":[{"embeddable":true,"href":"https:\/\/skyphone.ec\/index.php\/wp-json\/wp\/v2\/comments?post=1078"}],"wp:featuredmedia":[{"embeddable":true,"href":"https:\/\/skyphone.ec\/index.php\/wp-json\/wp\/v2\/media\/1179"}],"wp:attachment":[{"href":"https:\/\/skyphone.ec\/index.php\/wp-json\/wp\/v2\/media?parent=1078"}],"wp:term":[{"taxonomy":"product_brand","embeddable":true,"href":"https:\/\/skyphone.ec\/index.php\/wp-json\/wp\/v2\/product_brand?post=1078"},{"taxonomy":"product_cat","embeddable":true,"href":"https:\/\/skyphone.ec\/index.php\/wp-json\/wp\/v2\/product_cat?post=1078"},{"taxonomy":"product_tag","embeddable":true,"href":"https:\/\/skyphone.ec\/index.php\/wp-json\/wp\/v2\/product_tag?post=1078"}],"curies":[{"name":"wp","href":"https:\/\/api.w.org\/{rel}","templated":true}]}}