{"id":1013,"date":"2026-01-21T23:06:31","date_gmt":"2026-01-21T23:06:31","guid":{"rendered":"https:\/\/skyphone.ec\/?post_type=product&#038;p=1013"},"modified":"2026-01-22T22:14:35","modified_gmt":"2026-01-22T22:14:35","slug":"black-shark-buds-t18","status":"publish","type":"product","link":"https:\/\/skyphone.ec\/index.php\/producto\/black-shark-buds-t18\/","title":{"rendered":"Black Shark Buds T18"},"content":{"rendered":"<p>Conexi\u00f3n: Bluetooth 5.3<br \/>\nCompatibilidad: iOS y Android<br \/>\nBater\u00eda: Hasta 40 horas (Playback)<br \/>\nOtros: IP 54, Triple micr\u00f3fono con cancelaci\u00f3n de ruido para llamadas, Display de porcentaje de bater\u00eda<\/p>\n<p><strong>NOTA: (CONSULTAR DISPONIBILIDAD DE COLORES A TRAVES DE NUESTRO WHATSAPP ANTES DE REALIZAR TU COMPRA)<\/strong><\/p>\n","protected":false},"excerpt":{"rendered":"<p>Conexi\u00f3n: Bluetooth 5.3 Compatibilidad: iOS y Android Bater\u00eda: Hasta 40 horas (Playback) Otros: IP 54, Triple micr\u00f3fono con cancelaci\u00f3n de ruido para llamadas, Display de porcentaje de bater\u00eda NOTA: (CONSULTAR DISPONIBILIDAD DE COLORES A TRAVES DE NUESTRO WHATSAPP ANTES DE REALIZAR TU COMPRA)<\/p>\n","protected":false},"featured_media":1014,"comment_status":"open","ping_status":"closed","template":"","meta":[],"product_brand":[],"product_cat":[65,70],"product_tag":[],"class_list":{"0":"post-1013","1":"product","2":"type-product","3":"status-publish","4":"has-post-thumbnail","6":"product_cat-audifonos","7":"product_cat-otras-marcas-audifonos","9":"first","10":"instock","11":"shipping-taxable","12":"product-type-simple"},"_links":{"self":[{"href":"https:\/\/skyphone.ec\/index.php\/wp-json\/wp\/v2\/product\/1013","targetHints":{"allow":["GET"]}}],"collection":[{"href":"https:\/\/skyphone.ec\/index.php\/wp-json\/wp\/v2\/product"}],"about":[{"href":"https:\/\/skyphone.ec\/index.php\/wp-json\/wp\/v2\/types\/product"}],"replies":[{"embeddable":true,"href":"https:\/\/skyphone.ec\/index.php\/wp-json\/wp\/v2\/comments?post=1013"}],"wp:featuredmedia":[{"embeddable":true,"href":"https:\/\/skyphone.ec\/index.php\/wp-json\/wp\/v2\/media\/1014"}],"wp:attachment":[{"href":"https:\/\/skyphone.ec\/index.php\/wp-json\/wp\/v2\/media?parent=1013"}],"wp:term":[{"taxonomy":"product_brand","embeddable":true,"href":"https:\/\/skyphone.ec\/index.php\/wp-json\/wp\/v2\/product_brand?post=1013"},{"taxonomy":"product_cat","embeddable":true,"href":"https:\/\/skyphone.ec\/index.php\/wp-json\/wp\/v2\/product_cat?post=1013"},{"taxonomy":"product_tag","embeddable":true,"href":"https:\/\/skyphone.ec\/index.php\/wp-json\/wp\/v2\/product_tag?post=1013"}],"curies":[{"name":"wp","href":"https:\/\/api.w.org\/{rel}","templated":true}]}}